{"id":38,"date":"2018-10-23T14:53:14","date_gmt":"2018-10-23T12:53:14","guid":{"rendered":"https:\/\/herzenstaenze.de\/?page_id=38"},"modified":"2019-03-04T14:28:00","modified_gmt":"2019-03-04T13:28:00","slug":"ueber-mich","status":"publish","type":"page","link":"https:\/\/herzenstaenze.de\/?page_id=38","title":{"rendered":"\u00dcber mich"},"content":{"rendered":"<p><img loading=\"lazy\" decoding=\"async\" class=\"alignleft wp-image-198 size-medium\" src=\"https:\/\/herzenstaenze.de\/wp-content\/uploads\/2018\/12\/SAM_0477-003-e1548514757367-238x300.jpg\" alt=\"\" width=\"238\" height=\"300\" srcset=\"https:\/\/herzenstaenze.de\/wp-content\/uploads\/2018\/12\/SAM_0477-003-e1548514757367-238x300.jpg 238w, https:\/\/herzenstaenze.de\/wp-content\/uploads\/2018\/12\/SAM_0477-003-e1548514757367.jpg 493w\" sizes=\"auto, (max-width: 238px) 100vw, 238px\" \/>Ich bin 1964 geboren und wollte schon als Kind T\u00e4nzerin werden. Erst Jahrzehnte sp\u00e4ter habe ich meinen Tanzweg gefunden, n\u00e4mlich den Weg zum Kreistanz bzw. zum meditativen Tanz bzw. Sacred Dance. So hat sich mein fr\u00fcher Kindheits- und auch Lebenstraum nach Jahrzehnten noch erf\u00fcllt.<\/p>\n<p>Im Jahr 2011 habe ich deshalb beim Freien Bildungswerk e.V. Bochum bei Conny Foell eine Ausbildung zur \u201aLehrkraft f\u00fcr Kreistanz\u2018 absolviert, damit ich die Freude und Lebendigkeit, die ich beim Tanzen erfahre, auch an andere weitergeben und mit ihnen teilen kann. Bis heute besuche ich viele Fortbildungen so bei Mandy de Winter, einer von mir sehr verehrten, leider viel zu fr\u00fch verstorbenen wunderbaren englischen Tanzfrau, Adrian Gut, Martin Scheiwiller, Joke Vuurboom u.a.<\/p>\n<p>Weil fast alle T\u00e4nze, die ich tanze, f\u00fcr mich aus dem Herzen kommen und zu Herzen gehen, habe ich mich entschieden, mein Tanzangebot &#8218;Herzenst\u00e4nze&#8216; zu nennen.<\/p>\n<p>Tanzen ist meine gro\u00dfe Leidenschaft. Beim Tanzen f\u00fchle ich mich verbunden mit allen und allem, mit den Menschen, mit denen ich tanze, mit den Menschen um mich herum und auf der ganzen Welt, mit der wundersch\u00f6nen, uns geschenkten Natur und dem wiederkehrenden Jahreskreiszyklus, der f\u00fcr mich besonders in der Natur zu sp\u00fcren ist. Ich liebe es, in der freien Natur zu tanzen. Dabei kommt es f\u00fcr mich auch in besonderer Weise zu einem Zusammenspiel des Tanzens, der Natur und der uns umgebenden, spirituellen Kr\u00e4fte. F\u00fcr mich verwischt dann manchmal das Trennende und ganz im Sinne der Mystiker aller Religionen, wie z.B. Meister Eckhart, Rumi, Rabindranath Tagore und v.a.m. habe ich dann das Gef\u00fchl, dass ich in allem bin und alles in mir ist: &#8218;ich bin eins mit allem und alles ist eins mit mir&#8216;.<\/p>\n<p>Tanz ist f\u00fcr mich alles: Tanz ist des Lebens ganze F\u00fclle, Tanz ist Freude, Trauer, Liebe, Erotik, Ausgelassenheit, Genuss, Lust, Gebet \u2026 Tanzen macht das Leben bunt und farbig. Manchmal sp\u00fcre ich erst durch den Tanz, was ich gerade f\u00fchle und wo ich gerade stehe. Durch das Tanzen im Kreis bin ich verbunden und verbinde mich jedes Mal wieder aufs Neue mit den anderen T\u00e4nzerInnen.<\/p>\n<p><img loading=\"lazy\" decoding=\"async\" class=\"wp-image-110 alignright\" src=\"https:\/\/herzenstaenze.de\/wp-content\/uploads\/2018\/12\/SAM_0364-300x225.jpg\" alt=\"\" width=\"337\" height=\"253\" srcset=\"https:\/\/herzenstaenze.de\/wp-content\/uploads\/2018\/12\/SAM_0364-300x225.jpg 300w, https:\/\/herzenstaenze.de\/wp-content\/uploads\/2018\/12\/SAM_0364-768x576.jpg 768w, https:\/\/herzenstaenze.de\/wp-content\/uploads\/2018\/12\/SAM_0364.jpg 1024w\" sizes=\"auto, (max-width: 337px) 100vw, 337px\" \/>Wenn ich tanze, kann ich eins werden mit meinem K\u00f6rper, meinem Geist und meiner Seele. Es begl\u00fcckt mich mitzuerleben und zu sp\u00fcren, wie die Frauen (und manchmal auch M\u00e4nner), die mittanzen, mitunter begl\u00fcckt, entspannt, freudig, ruhig, kraftvoll \u2026 nach dem Tanzen nachhause gehen. F\u00fcr alles, was ich als Tanzanleiterin gebe, bekomme ich auch etwas zur\u00fcck. So ist auch hier der Tanz in besonderer Weise Ausdruck f\u00fcr Geben und Nehmen.<\/p>\n<p>Im Sacred Dance sind viele Choreografien erst in den letzten Jahrzehnten entstanden. Im Tanz flie\u00dfen jedoch auch immer wieder traditionelle T\u00e4nze ein, die bereits eine l\u00e4ngere oder auch schon eine lange mitunter jahrhundertelange Geschichte und Tradition haben.<\/p>\n<p>Eingeladen zum Tanzen sind alle, die sich in Gemeinschaft zu Musik bewegen wollen. Beim Tanz im Kreis ist es besonders sch\u00f6n\/wertvoll, dass kein Partner und keine Partnerin gebraucht wird. Alle Menschen, mit und ohne Vorkenntnisse, sind herzlich willkommen.<\/p>\n","protected":false},"excerpt":{"rendered":"<p>Ich bin 1964 geboren und wollte schon als Kind T\u00e4nzerin werden. Erst Jahrzehnte sp\u00e4ter habe ich meinen Tanzweg gefunden, n\u00e4mlich den Weg zum Kreistanz bzw. zum meditativen Tanz bzw. Sacred Dance. So hat sich mein fr\u00fcher Kindheits- und auch Lebenstraum nach Jahrzehnten noch erf\u00fcllt. Im Jahr 2011 habe ich deshalb beim Freien Bildungswerk e.V. Bochum &hellip; <a href=\"https:\/\/herzenstaenze.de\/?page_id=38\" class=\"more-link\"><span class=\"screen-reader-text\">\u00dcber mich<\/span> weiterlesen <span class=\"meta-nav\">&rarr;<\/span><\/a><\/p>\n","protected":false},"author":2,"featured_media":0,"parent":0,"menu_order":0,"comment_status":"closed","ping_status":"closed","template":"","meta":{"footnotes":""},"class_list":["post-38","page","type-page","status-publish","hentry"],"_links":{"self":[{"href":"https:\/\/herzenstaenze.de\/index.php?rest_route=\/wp\/v2\/pages\/38","targetHints":{"allow":["GET"]}}],"collection":[{"href":"https:\/\/herzenstaenze.de\/index.php?rest_route=\/wp\/v2\/pages"}],"about":[{"href":"https:\/\/herzenstaenze.de\/index.php?rest_route=\/wp\/v2\/types\/page"}],"author":[{"embeddable":true,"href":"https:\/\/herzenstaenze.de\/index.php?rest_route=\/wp\/v2\/users\/2"}],"replies":[{"embeddable":true,"href":"https:\/\/herzenstaenze.de\/index.php?rest_route=%2Fwp%2Fv2%2Fcomments&post=38"}],"version-history":[{"count":8,"href":"https:\/\/herzenstaenze.de\/index.php?rest_route=\/wp\/v2\/pages\/38\/revisions"}],"predecessor-version":[{"id":355,"href":"https:\/\/herzenstaenze.de\/index.php?rest_route=\/wp\/v2\/pages\/38\/revisions\/355"}],"wp:attachment":[{"href":"https:\/\/herzenstaenze.de\/index.php?rest_route=%2Fwp%2Fv2%2Fmedia&parent=38"}],"curies":[{"name":"wp","href":"https:\/\/api.w.org\/{rel}","templated":true}]}}